units digit of (20/(-15))/(1 + (-236)/234)?
6
Let z be (6/(-9) - -1)*-21. Let b = z - -15. What is the units digit of b?
8
Let w be (-4)/(-8) - 1/2. Suppose w = -2*u - 0*u + 6. What is the units digit of u?
3
Suppose 2*p = -p - 6. Let m(v) = 2*v + 2. Let r be m(-2). What is the units digit of -1 - (p + 10/r)?
6
Let t be 1 + (-2)/2 + 4. Suppose -145 = -t*b - b. What is the tens digit of b?
2
Let x(t) = 7*t + 26*t**2 + 1 - 3*t - 4*t. Let q be x(1). Let d = -19 + q. What is the units digit of d?
8
Let h(o) = o**2 + o - 36. Let p be h(0). Let g = -10 - p. What is the units digit of g?
6
What is the units digit of (-12)/(-66) + 260/22?
2
Let m(l) = 2*l**2 + 2*l - 2. Let v be m(-2). Suppose -v*g + 48 = -6. What is the tens digit of g?
2
Let z(w) = w**3 - 2*w**2 - w. What is the units digit of z(3)?
6
Let w(r) be the third derivative of 0 + 5/24*r**4 + 1/3*r**3 + 4*r**2 + 0*r. What is the units digit of w(2)?
2
Suppose -5*q + 1285 - 285 = 0. What is the tens digit of q?
0
Let i = -3 + 2. Let r = i + 5. Let q(l) = -l**3 + 6*l**2 - 6*l + 3. What is the tens digit of q(r)?
1
Suppose -75 = 3*w - 12. Let u = w - -42. What is the tens digit of u?
2
Suppose -4*m = -159 - 21. Let z = m + -19. What is the tens digit of z?
2
Suppose -5*p = 7 + 8. Let m = p - -6. What is the units digit of m?
3
Let b be ((-4)/(-10))/((-2)/(-20)). Let f be (18/b)/((-3)/8). What is the units digit of (-4)/f*18*1?
6
Suppose 0 = -3*u - 3*o + 78, -u - 2*o - 102 = -6*u. What is the tens digit of u?
2
Let g = 135 - 110. What is the units digit of g?
5
What is the hundreds digit of 2107/9 + 1/(-9)?
2
Let s = 26 - 22. Suppose -4*o = 3*d - 165, -2*o + 182 = s*d - 28. What is the units digit of d?
1
Let o = -15 - -11. Let k be (10/o)/(4/8). Let z(c) = -c - 3. What is the units digit of z(k)?
2
Let i(g) = 3*g**2 - g + 2. Suppose 0 = 2*p + 4*f - 24, 2*p + 0 + 6 = 2*f. What is the units digit of i(p)?
2
Let v(q) = -7*q - 14. What is the tens digit of v(-13)?
7
Suppose 3*m = m + 8. Suppose 0*o - 4 = -3*o - m*r, 3*r + 47 = 4*o. What is the units digit of o?
8
Let g be (68/(-6) + 0)*-3. Suppose g = -3*l - 41. What is the units digit of (-40)/l - 2/(-5)?
2
Let v = 538 + -326. What is the units digit of v?
2
Suppose 0 = o - 5*q - 5, 3*q + 0 = -3. Suppose -5*h = 3*f - 2*f + 16, 4*f + 4*h = -16. What is the units digit of 1*(o + f)*-1?
1
Let r = -1 - -3. Suppose 0 = -3*p + r*p + 11. What is the units digit of p?
1
Suppose -2*h = -j + 3, -3*j + 11 = h - 5*h. Suppose -159 = -j*g - 2*x, -3*g - x + 46 = -49. What is the tens digit of g?
3
Let q = -8 + 14. What is the units digit of 122/q - 5/15?
0
Suppose -1 - 9 = -5*c. Let w be 10/5 - c*-1. Suppose -4*m = -20, w*m + 0*m + 16 = 4*u. What is the units digit of u?
9
Let l(y) = y + 7. Let p be l(0). Suppose 2*d + 4*g + p = -1, -21 = -d + 3*g. What is the units digit of d?
6
Let t(q) = 19*q**2 - q - 2. Let j = 2 - 4. Let r be t(j). Suppose 5*i + 11 = r. What is the units digit of i?
3
Suppose -5 = -k + 2*g, -g - 13 = -3*k + 4*g. What is the units digit of k?
1
Let j be -12 + (0 - (-1 + -1)). Let v(t) = 2*t**2 - 5*t + 6. Let n be v(4). Let r = j + n. What is the units digit of r?
8
Let m(l) = -l**3 - 8*l**2 - 2*l - 7. Let g(j) = 2*j + 14. Let b be g(-11). What is the units digit of m(b)?
9
Let q(n) = n**3 - 3*n**2 - 4*n + 1. What is the tens digit of q(5)?
3
Suppose 2*o - 3*o = -12. Let c = 24 - o. What is the tens digit of c?
1
Suppose 0 = 6*j - 10*j + 20. Suppose -2*b = j*w - 169, -3*w - 3*b + 101 = -2*b. What is the units digit of w?
3
Let d(q) be the first derivative of 7*q**3/3 + q**2/2 + q + 11. Suppose -v = -0*v + 1. What is the units digit of d(v)?
7
Suppose 7 = -3*j + 340. What is the units digit of j?
1
Suppose 3*m = a + 79, 0 = -4*a + 5*a - 5. What is the tens digit of m?
2
Let f = 130 + -91. What is the units digit of f?
9
Let c(u) be the second derivative of u**3/6 + 5*u**2 - 2*u. What is the units digit of c(-7)?
3
What is the tens digit of 14/((-4)/(-7 - -3))?
1
Let a(m) be the third derivative of m**5/30 - 3*m**4/8 + m**3 + 9*m**2. What is the tens digit of a(7)?
4
Suppose 3*z = 1056 - 297. What is the hundreds digit of z?
2
Let s be (4/(-10))/((-3)/15). Suppose -2*y - 8 = s*y. What is the units digit of ((-8)/20)/(y/10)?
2
Let o = -16 + 31. Let x = -13 + 8. Let v = x + o. What is the tens digit of v?
1
Let n be 3/(((-27)/4)/(-9)). Suppose -r + 1 + 0 = 0. What is the tens digit of n + 16 - r/1?
1
Let o(n) = n**2 - 4*n + 5. Let h be o(4). Suppose l - 2 = u, 0*l - 3*u = h*l - 34. Suppose m - v = 2*v - 10, -3*v = -2*m - l. What is the units digit of m?
5
Let p(h) = -8*h + 3. What is the tens digit of p(-3)?
2
Let w(h) = 12*h - 2. Let c(y) = 3*y - 1. Let r be c(1). What is the tens digit of w(r)?
2
Let j(t) = 3*t + 2. Let w be j(-4). Let q be 2*2/((-4)/w). What is the units digit of q - (3 + -3 - -3)?
7
Suppose -5*p - 350 = -10*p. What is the units digit of p?
0
Let z(w) = -9*w - 7. What is the units digit of z(-6)?
7
Suppose 2*q + q = 0. Let c = q - -5. Let p(t) = -t**3 + 6*t**2 - 5*t + 6. What is the units digit of p(c)?
6
Suppose -4*l = -4*j, -j + l - 2*l = -4. What is the units digit of (-42)/(j/(0 - 1))?
1
Let o = -21 + 23. Suppose 62 = o*l - 0. What is the units digit of l?
1
Suppose 5*l = 1 - 21, -19 = -b + 4*l. What is the units digit of b?
3
Let s be 4/(-10) - 27/(-5). Suppose -5*b = 4*i - 57, -s*i + b + 15 = -20. What is the units digit of i?
8
Suppose -2*f - 5*a = -55, 5*f - 2*a - 130 = -7. What is the units digit of f?
5
Let r = 65 - 56. What is the units digit of r?
9
Let m(i) = -i - 1 + 22 + 2. What is the units digit of m(12)?
1
Let f(w) be the second derivative of -w**3/2 + 5*w**2/2 - 3*w. What is the tens digit of f(-5)?
2
Let f(p) = -p**3 - 6*p**2 - 6*p + 3. Let t be f(-6). Let w = t - 6. What is the tens digit of w?
3
Let n(g) = -10*g - 2. Suppose -4*t - t - 45 = 0. Let y be 2/t - 16/9. What is the tens digit of n(y)?
1
Suppose -115 = -2*p + r, 0 = 4*p + r - 126 - 101. Suppose 5*y = 78 + p. What is the units digit of y?
7
Let i = -27 + 2. Let p = -15 - i. What is the units digit of p?
0
Suppose 0 = -m - 5*w + 11, w = 2*m - 14 - 8. Let z(a) = 4*a + 0 - 2*a - 12. What is the units digit of z(m)?
0
Let b(r) = r**3 + 4*r**2 - 2*r - 6. Let n be b(-4). Suppose -n*t - 3*t = -20. Suppose 4*z + 2*f = 2*z + 10, 44 = t*z - 2*f. What is the units digit of z?
9
Let l(s) = s**2 + s + 2. Let a be l(-3). What is the units digit of ((-6)/(-4))/(6/a)?
2
Let f = 83 + -50. Let g = f - 18. What is the tens digit of g?
1
Suppose 3*y + 7 - 19 = 0. What is the units digit of y?
4
Let c be ((-30)/25)/(3/(-100)). Suppose 0*b = 2*b - c. What is the tens digit of b?
2
Let d(k) = -5*k**3 + 3*k**2 - 3. Let a(x) = -x**2 + 1. Let c(o) = 2*a(o) + d(o). What is the units digit of c(-1)?
5
Suppose 2*z = z - 5*v - 8, 0 = -4*v - 12. Suppose -z*s + 40 = -2*s. What is the units digit of s?
8
Let l(i) = i**2 - 12*i + 13. Suppose 4*k = -20 + 72. What is the tens digit of l(k)?
2
Let w = -116 + 241. Let u be (w/(-10))/(1/(-2)). Let b = 35 - u. What is the units digit of b?
0
Let s be (-1)/3 - 63/(-27). Let n(y) = 4*y**3 - y**2 - y + 1. What is the units digit of n(s)?
7
Let a(j) = 35*j + 13. Let x(p) = -23*p - 9. Let s(c) = 5*a(c) + 7*x(c). What is the units digit of s(1)?
6
Suppose 95 = a - 5*g, -2*g + 97 = 2*a - 93. What is the tens digit of a?
9
Let o be 2 + (-10 + 1)/(-3). Suppose -64 - 36 = o*d. What is the units digit of d/(-6) - 6/(-9)?
4
Suppose p - h + 2 = -41, 5*p = 2*h - 224. What is the units digit of (p/(-8))/((-5)/(-20))?
3
Let y = 8 + -5. Suppose y*b = b - 56. Let s = -13 - b. What is the tens digit of s?
1
Let f(g) = -g**2 + 8*g - 5. Suppose 0 = 4*x - 20, 0 = n + 5*x - 13 - 17. Let y be f(n). Let i = -8 + y. What is the units digit of i?
2
Let i(q) = -q**2 - 2*q - 1. Let p be i(-3). Let n(m) = -m**3 - 3*m**2 + 2*m + 2. Let u be n(2). Let s = p - u. What is the tens digit of s?
1
Let w = 9 - 4. Suppose -4*l + 3*x = -30, l - w + 4 = 4*x. What is the units digit of l?
9
Suppose 0*b + 180 = 4*b. Suppose 0 = -i + 4*i - b. What is the tens digit of i?
1
Suppose w = 5*a, -a = -3*w + 5*w. Let s = w + 3. What is the units digit of s?
3
Let m be -3*(2 + (-20)/6). Let n = m - -5. What is the units digit of n?
9
Suppose 20 = -x + 5*x. Suppose 74 = -l + 6*l + 